{"id":72,"date":"2022-01-11T16:20:06","date_gmt":"2022-01-11T16:20:06","guid":{"rendered":"https:\/\/rablallu.webs.upv.es\/pruebas_wordpress\/?page_id=72"},"modified":"2022-01-11T16:20:06","modified_gmt":"2022-01-11T16:20:06","slug":"contact-us","status":"publish","type":"page","link":"https:\/\/imst-art.webs.upv.es\/index.php\/contact-us\/","title":{"rendered":"Contact us"},"content":{"rendered":"\n<p>IIE is a University Research Institute with more than 20 years of experience both in the modeling and development of thermal systems as well as in development of professional software. We also have a long and intensive history of co-operating with Industry in the development and optimization of industrial products. At IIE, we know what it takes to be competitive in today\u2019s marketplace, and we wish to offer this knowledge to you through our software line and our technical support.<\/p>\n\n\n\n<p>Our team of modeling experts is available to help you to model your system and obtain reliable and accurate results. Furthermore, our team of software development is on hand to help you to adapt the user interface to your specific requirements, to implement customer proprietary correlations or empirical coefficients into the software, as well as to create databases with your most frequently-used components\u2026 All this can be done so that you will be able to significantly boost your capabilities for the design and improvement of your products at a reduced cost and with great ease. Contact us today to bring IMST-ART to your daily design and development work!<\/p>\n\n\n\n<figure class=\"wp-block-table\"><table><tbody><tr><td><strong>Contact Address<\/strong><\/td><\/tr><tr><td>Thermal Area<br>Instituto de Ingenier\u00eda Energ\u00e9tica (Ed. 8E Semis\u00f3tano)<br>Universitat Polit\u00e8cnica de Val\u00e8ncia<br>Camino de Vera S\/N.<br>46022. Valencia. Spain<br><\/td><\/tr><\/tbody><\/table><\/figure>\n\n\n\n<figure class=\"wp-block-table\"><table><tbody><tr><td class=\"has-text-align-center\" data-align=\"center\"><strong>Email Address<\/strong><\/td><\/tr><tr><td class=\"has-text-align-center\" data-align=\"center\"><strong><a href=\"mailto:art@iie.upv.es\"><em>art@iie.upv.es<\/em><\/a><\/strong><\/td><\/tr><\/tbody><\/table><\/figure>\n","protected":false},"excerpt":{"rendered":"<p>IIE is a University Research Institute with more than 20 years of experience both in the modeling and development of thermal systems as well as in development of professional software. We also have a long and intensive history of co-operating with Industry in the development and optimization of industrial products. At IIE, we know what [&hellip;]<\/p>\n","protected":false},"author":1,"featured_media":0,"parent":0,"menu_order":0,"comment_status":"closed","ping_status":"closed","template":"","meta":{"footnotes":""},"class_list":["post-72","page","type-page","status-publish","hentry"],"_links":{"self":[{"href":"https:\/\/imst-art.webs.upv.es\/index.php\/wp-json\/wp\/v2\/pages\/72","targetHints":{"allow":["GET"]}}],"collection":[{"href":"https:\/\/imst-art.webs.upv.es\/index.php\/wp-json\/wp\/v2\/pages"}],"about":[{"href":"https:\/\/imst-art.webs.upv.es\/index.php\/wp-json\/wp\/v2\/types\/page"}],"author":[{"embeddable":true,"href":"https:\/\/imst-art.webs.upv.es\/index.php\/wp-json\/wp\/v2\/users\/1"}],"replies":[{"embeddable":true,"href":"https:\/\/imst-art.webs.upv.es\/index.php\/wp-json\/wp\/v2\/comments?post=72"}],"version-history":[{"count":1,"href":"https:\/\/imst-art.webs.upv.es\/index.php\/wp-json\/wp\/v2\/pages\/72\/revisions"}],"predecessor-version":[{"id":73,"href":"https:\/\/imst-art.webs.upv.es\/index.php\/wp-json\/wp\/v2\/pages\/72\/revisions\/73"}],"wp:attachment":[{"href":"https:\/\/imst-art.webs.upv.es\/index.php\/wp-json\/wp\/v2\/media?parent=72"}],"curies":[{"name":"wp","href":"https:\/\/api.w.org\/{rel}","templated":true}]}}